= -3*o + 1750, -1180 = -2*o + 2*i. Suppose 5*t - o = -5*z, z + 2*t = 6*t + 107. What is the hundreds digit of z?
1
Let b(k) = 18*k + 5963. What is the thousands digit of b(0)?
5
Let w = 7 + -22. Let t = w + 11. What is the tens digit of (-22)/((-5)/(-12) + t/6)?
8
Let h(c) = -20*c**3 + 5*c**2 - c + 2. Let b be h(-2). Suppose -t = -3*t + b. Let l = t - 28. What is the units digit of l?
4
Let x(j) = 4*j + 0 - 2*j - j**3 + 5 - 7*j**2. Let l be x(-7). Let m(z) = -6*z - 13. What is the units digit of m(l)?
1
Let s = -157 + -349. Let v = -450 - s. What is the tens digit of v?
5
Let a(j) = 136*j**3 + 3*j**2 + 4*j + 3. Let z be a(-2). Let n = -767 - z. What is the tens digit of n?
1
Let u(t) be the second derivative of -t**5/20 + t**4 - 13*t**3/6 + 4*t**2 - 5*t. Let d be (15 - 0/2)*(-3)/(-5). What is the units digit of u(d)?
4
Suppose -3*i = 7*i - 680. What is the units digit of (i/(-85))/((-1)/225)?
0
Let z(v) = v**2 + 7*v + 9. Suppose -l + 56 = -3*p, -2*p - 8 = -l + 30. What is the hundreds digit of z(p)?
2
Suppose -4673 = -n + 18892. What is the units digit of n?
5
What is the tens digit of (-28)/35*10 + 4693?
8
Let m be ((-90)/(-12))/15 - (-50)/(-4). Let f(w) = -w**3 - 12*w**2 - 17*w - 59. What is the hundreds digit of f(m)?
1
Suppose 8 = -8*v - 16. Let u be ((-4 - v)*3)/((-6)/(-24)). What is the tens digit of 0 - -1 - (-6)/u*-62?
3
Let r = 47 - 66. Let k = 209 + -213. Let g = k - r. What is the tens digit of g?
1
Let q = 1925 + 11908. What is the units digit of q?
3
Suppose -2*m + 5*b + 379 = -5*m, 5*m + 605 = -3*b. Let q = m + 188. Let i = 157 - q. What is the tens digit of i?
8
Let r be 2/7 + (-1495)/(-35). Suppose r*h - 38*h = 220. Let o = 59 - h. What is the tens digit of o?
1
Suppose 0*o = -25*o + 50. Suppose o*j = 4*j - 762. What is the units digit of j?
1
Suppose -29*k + 368540 - 3111 = 0. What is the ten thousands digit of k?
1
Let m(p) = -p**3 - 11*p**2 - 25*p - 39. Let h be m(-10). Suppose 121*n - h*n - 3100 = 0. What is the hundreds digit of n?
3
Let l be 40/(-25) - -5*(-8)/100. What is the tens digit of (-518)/((5 + -1)/l)?
5
Suppose 106*t - 3991581 = 7*t. What is the thousands digit of t?
0
Suppose -12*c + 62320 = -158060. What is the units digit of c?
5
Suppose 30*t - 36*t = -170910. Suppose -1161 = 33*j - t. What is the units digit of j?
8
Let r = -198 + 402. Suppose -548 = -q + r. Suppose -3*z + q = -0*b + 5*b, 6 = -3*b. What is the units digit of z?
4
Suppose 0*f - 9*f + 1737 = 0. Let k = 525 - f. What is the tens digit of k?
3
Let m = -787 - -790. Suppose -3*f + 19 - 4 = 0. Suppose -m*p + 1 = -f. What is the units digit of p?
2
Let g be 5/(-15) + (-1398)/(-9). Let o = g + 66. What is the tens digit of o?
2
Let t(u) = 287*u**2 + 126*u + 1808. What is the units digit of t(-14)?
6
Let l = 11738 - -1251. What is the ten thousands digit of l?
1
Let i(z) = z**3 + 26*z**2 - 41*z. Let o be i(-16). Suppose 40*x = 52*x - o. What is the hundreds digit of x?
2
Suppose -l = 5, -3*l - 773 = -4*t - 62. Suppose 0 = -3*v + t + 90. Suppose 2*d = x - d - 18, -4*d + v = 4*x. What is the units digit of x?
1
Suppose 0 = 26*j + 216858 - 702408. What is the tens digit of j?
7
Suppose n - 3*n + 129892 = 4*d, -4*d + 129886 = -n. What is the hundreds digit of d?
4
Suppose 3 = -0*h + h. Let f = 1868 + -1853. What is the hundreds digit of ((-805)/f)/((-1)/h)?
1
Let x = -11275 - -82128. What is the hundreds digit of x?
8
Suppose 0 = -5*i, -7*i + 1195 = -5*d - 2*i. Let g = d - 41. Let a = -142 - g. What is the units digit of a?
8
Let x(j) = j**3 + 2*j**2 - 775. Let c be x(0). Let u = c + 1113. What is the units digit of u?
8
What is the hundreds digit of 3 + -2 + 12625 + (36 - 4)/8?
6
Suppose -46 = 5*p - 246. Suppose -p = -4*i - 2*f + 306, -5*i + 4*f = -400. What is the tens digit of i?
8
Let p be (0 + -3)/(12/(-20)). Let j(s) = 25*s + 13. Let a be j(3). Suppose -a = p*m - 7*m. What is the units digit of m?
4
Let n be 24/(-108) - 38/(-9). Suppose -5*k + 5*y + 15 = 0, 0 = 4*k + n*y - 3*y + 3. Suppose -7*x + k*x + 2093 = 0. What is the units digit of x?
9
Let y = -42930 - -62979. What is the tens digit of y?
4
Suppose -36 = 2*z - 14*z. Suppose -2*k = z - 21. Suppose 0 = k*j - 1398 - 222. What is the tens digit of j?
8
Suppose 5*c - 937 = -3*j, 47 = -c - 4*j + 248. Let u = c - -543. What is the tens digit of u?
2
Let q = 423 - 411. Let v(b) = 5*b**2 + 23*b - 84. What is the tens digit of v(q)?
1
Let f be (8/14)/(-3 + (-92)/(-28)). Let g be f/8 + 19*(-3)/(-12). Suppose -g*q + 644 = -q + 5*t, -644 = -4*q + 3*t. What is the tens digit of q?
6
Let g(u) = -u**3 - 4*u**2 + 6*u + 5. Let a be g(-5). Suppose 2*j - 62 = -3*h, -j - h + 32 = -a*j. Let r = j + 14. What is the units digit of r?
8
Suppose 0 = -44*f + 39*f + 1585. Let t = f + -175. What is the hundreds digit of t?
1
Let w = -208 + 414. Suppose 6*h - 2*h + 3*r - 1162 = 0, 3*r = 2*h - 572. Let p = h - w. What is the tens digit of p?
8
Suppose 3*s + 0*r + 5 = r, -5*s + 2*r - 7 = 0. What is the units digit of (-18401)/(-10) - (s - -8)/50?
0
Let n(v) = 6*v + 3. Let x(s) = 3*s**2 + 3*s + 2. Let h be x(-1). Let q be n(h). What is the units digit of q*(-3 + (-8)/(-3))*-29?
5
Suppose -2*c + 2764 = 3*g - 30790, 67072 = 4*c - 3*g. What is the thousands digit of c?
6
Let v be (-5760)/(-28) - (-2)/7. Suppose 0 = 3*b - d - 226, -5*b + 2*b + 5*d = -v. Let x = b + -13. What is the units digit of x?
4
Let h(x) = -3*x + 8. Let z be h(1). Suppose -3*a - 2*r = a - 10, -3*a - z*r + 25 = 0. Suppose a = t - 3*t + 562. What is the tens digit of t?
8
Let q = 17583 - 10079. What is the thousands digit of q?
7
What is the thousands digit of 66012 - (2/(-3))/(110/(-660))?
6
Suppose -6*u = -551 - 247. Let t = -32 + u. What is the hundreds digit of t?
1
Let b(q) = -780*q - 15. Let r be b(-1). Suppose -4*v + r = -4*m - 503, 622 = 2*v - 5*m. What is the tens digit of v?
2
Suppose 37*t - 32*t = 4850. What is the tens digit of t?
7
Let d(s) = -3*s - 18. Let r be ((4 + -2)*-1)/((-3)/(-9)). Let i be d(r). Suppose g + 125 = m - 3*g, 2*m + 4*g - 262 = i. What is the units digit of m?
9
Suppose -4*d + 4020 = 5*k, -5*d - 5*k = -2642 - 2378. Suppose -3*y + 491 + d = 0. What is the units digit of y?
7
Suppose 4*f = 7*f. Suppose 11*w - 9*w + 12 = f. What is the units digit of (-1)/3 - 494/w?
2
Let g = -170 + -786. Let m be (5 - (-43)/(-9)) + g/9. Let u = m - -167. What is the units digit of u?
1
Suppose 5138 = -7*a + 41531. What is the tens digit of a?
9
Let g = -1034 - -2126. What is the hundreds digit of g?
0
Suppose 540*q - 535*q = 5235. What is the thousands digit of q?
1
Let l(s) = s**3 - 19*s**2 + 20*s - 7. Let k be (-11)/((-44)/(-24))*-6. Suppose 0*d - 2*d = -4*r - k, 4*r = 0. What is the units digit of l(d)?
9
Suppose 3*d - 2*w - 2401 = -0*w, -3*d + 4*w = -2411. Suppose -d = 6*y - 2933. Suppose 2*b - y = -4*o + 2*o, -371 = -2*o + b. What is the tens digit of o?
8
Let s be 6/9 + -1 + 935/15. Let d = s + -46. Suppose d*i - 21*i = -785. What is the tens digit of i?
5
Let k(q) = -8*q + 42. Let u be k(3). Let h = 48 + u. What is the tens digit of h?
6
Let o = 77848 - 43031. What is the units digit of o?
7
Let u(h) = 15*h**2 - 1 - 2 - 3*h**2 - 3 - 3. Let r = 11 + -8. What is the units digit of u(r)?
9
Suppose 10 = 3*m - 5. Suppose 0 = m*p + 5*g - 3 + 8, -4*g + 26 = -p. What is the units digit of 71/(3 - (4 - (-4 - p)))?
1
Suppose 5*w = 2*u - 43442, 2147 = 3*u + 2*w - 63073. What is the thousands digit of u?
1
Suppose 329*f - 328*f - 434 = 0. Suppose u + h - f = 0, -3*h + 719 = 2*u - 148. What is the hundreds digit of u?
4
Suppose -3*f - 2*f = -25. Suppose -f*h = -308 + 2183. What is the hundreds digit of ((-23)/5 - -3)/(6/h)?
1
Let i be ((-90)/9)/5 - (2 - -8). Suppose -4*u = v - 288, 3*v = 2*u + u + 864. Let g = i + v. What is the units digit of g?
6
Suppose 0 = -a + 3, -3*a = 3*u + a - 17820. Suppose 122*m - 136*m = -u. What is the hundreds digit of m?
4
Let n(r) be the first derivative of 79*r**7/840 - r**6/360 + r**5/60 + 38*r**3/3 + 3. Let h(m) be the third derivative of n(m). What is the tens digit of h(1)?
8
Suppose 20 = -4*s + 8*s. Suppose -s*m - 20 = 0, 0 = -3*r - 0*r - 4*m + 845. What is the units digit of r?
7
Let x be 25 + -3 - (3 - 2). Suppose x*k = 11*k + 11970. What is the thousands digit of k?
1
Let r be (-8)/12 - (-764)/12. Let c 